{"id":6,"date":"2021-12-10T08:38:14","date_gmt":"2021-12-10T08:38:14","guid":{"rendered":"https:\/\/www.lsispab.lt\/?page_id=6"},"modified":"2025-12-23T07:55:44","modified_gmt":"2025-12-23T05:55:44","slug":"apie-mus","status":"publish","type":"page","link":"https:\/\/www.lsispab.lt\/","title":{"rendered":"Apie mus"},"content":{"rendered":"\n<p>LIETUVOS STATYBOS IN\u017dINIERI\u0172 S\u0104JUNGOS PANEV\u0116\u017dIO APSKRITIES BENDRIJA &#8211; LSIS PAB &#8211; tai naujas buvusio Panev\u0117\u017eio apskrities statybos in\u017einieri\u0173 klubo (PASIK) pavadinimas. Pavadinimas pakeistas 2018 m. bir\u017eelio m\u0117nes\u012f. PASIK \u012fkurtas 1997 m. bir\u017eelio m\u0117n. 13 d. Valstyb\u0117s \u012fmon\u0117s registr\u0173 centre \u012fregistruotas 1997 \u2013 06 \u2013 30d. LSIS PAB teisin\u0117 forma \u2013 visuomenin\u0117 organizacija (asociacija). Buvein\u0117 &#8211; Nemuno g. 33 KTU Panev\u0117\u017eio II r\u016bmai 111 kab. , Panev\u0117\u017eys.<\/p>\n\n\n\n<p>LSIS PAB veiklos tikslai yra:<br>Ginti savo nari\u0173 profesinius, ekonominius ir darbo interesus<br>Skatinti statybos in\u017einierius tobulinti savo profesionalum\u0105<br>Pl\u0117toti profesin\u0119 veikl\u0105 ir estetines pa\u017ei\u016bras<br>Skleisti statyb\u0173 technines ir organizacines naujoves<br>Atstovauti nepriklausomai nuomonei techniniais ir juridiniais statyb\u0173 klausimais<\/p>\n\n\n\n<p>M\u016bs\u0173 priemon\u0117s tikslams \u012fgyvendinti:<br>Teikti pasi\u016blymus Lietuvos statybos in\u017einieri\u0173 s\u0105jungai<br>Organizuoti su statybomis susijusiais klausimais kursus. Paskaitas, diskusijas, pasitarimus<br>Rengti savo nariams dalykines i\u0161vykas respublikoje ir u\u017esienyje<br>Skatinti statybos in\u017einieri\u0173 k\u016brybin\u0119 veikl\u0105<\/p>\n\n\n\n<p>Aplinkos ministerijos pavedimu statybos specialistams, norintiems \u012fgyti ypating\u0173 statini\u0173 statybos vadov\u0173, speciali\u0173j\u0173 statybos darb\u0173 vadov\u0173 ir statybos technin\u0117s prie\u017ei\u016bros vadov\u0173 kvalifikacijos atestatus, organizuoja specialist\u0173 apmokymo kursus ir tikrina profesines \u017einias; norintiems prat\u0119sti turimus kvalifikacijos atestatus, organizuoja kvalifikacijos tobulinimo kursus. Visos priemon\u0117s pravedamos lietuvi\u0173 kalba.<\/p>\n\n\n\n<h2 class=\"wp-block-heading\">Kontaktai<\/h2>\n\n\n\n<p>Pirmininkas Jaunius Kavaliauskas +370 610 67166 el. pa\u0161tas: jkavaliauskas@lsispab.lt<br>Direktorius Vidas \u0160livinskas +370 698 38010 el. pa\u0161tas: vslivinskas@lsispab.lt<br>Administrator\u0117 J\u016brat\u0117 Kavaliauskien\u0117 +370 614 93342 el. pa\u0161tas: jkavaliauskiene@lsispab.lt<\/p>\n\n\n\n<h2 class=\"wp-block-heading\">Rekvizitai<\/h2>\n\n\n\n<p>Lietuvos statybos in\u017einieri\u0173 s\u0105jungos Panev\u0117\u017eio apskrities bendrija                                             \u012emon\u0117s kodas 193436847                                                                                                                      P. Puzino g. 1, Panev\u0117\u017eys.<br>Telefonas: mob. +370 698 38010<br>A\/s Nr. LT527044060002656477 AB SEB bankas, banko kodas 70440<\/p>\n\n\n\n<h2 class=\"wp-block-heading\">Valdymo organai<\/h2>\n\n\n\n<p>LIETUVOS STATYBOS IN\u017dINIERI\u0172 S\u0104JUNGOS PANEV\u0116\u017dIO APSKRITIES BENDRIJOS TARYBA:<br>Pirmininkas Jaunius Kavaliauskas<br>Administrator\u0117 J\u016brat\u0117 Kavaliauskien\u0117<br>Nariai: K\u0119stutis Grimalis, Vidas \u0160livinskas, Diana Matvei\u010dikien\u0117, Audrius Butk\u016bnas.<\/p>\n\n\n\n<p>LIETUVOS STATYBOS IN\u017dINIERI\u0172 S\u0104JUNGOS PANEV\u0116\u017dIO APSKRITIES BENDRIJA<br>Pirmininkas Jaunius Kavaliauskas <\/p>\n\n\n\n<p>Direktorius Vidas \u0160livinskas<br>Administrator\u0117 J\u016brat\u0117 Kavaliauskien\u0117<br>Administrator\u0117s pad\u0117j\u0117ja Ilona Sakavi\u010dien\u0117.<\/p>\n\n\n\n<p><\/p>\n\n\n\n<p><\/p>\n","protected":false},"excerpt":{"rendered":"<p>LIETUVOS STATYBOS IN\u017dINIERI\u0172 S\u0104JUNGOS PANEV\u0116\u017dIO APSKRITIES BENDRIJA &#8211; LSIS PAB &#8211; tai naujas buvusio Panev\u0117\u017eio apskrities statybos in\u017einieri\u0173 klubo (PASIK) pavadinimas. Pavadinimas [&hellip;]<\/p>\n","protected":false},"author":1,"featured_media":0,"parent":0,"menu_order":0,"comment_status":"closed","ping_status":"closed","template":"","meta":{"footnotes":""},"class_list":["post-6","page","type-page","status-publish","hentry"],"_links":{"self":[{"href":"https:\/\/www.lsispab.lt\/index.php?rest_route=\/wp\/v2\/pages\/6","targetHints":{"allow":["GET"]}}],"collection":[{"href":"https:\/\/www.lsispab.lt\/index.php?rest_route=\/wp\/v2\/pages"}],"about":[{"href":"https:\/\/www.lsispab.lt\/index.php?rest_route=\/wp\/v2\/types\/page"}],"author":[{"embeddable":true,"href":"https:\/\/www.lsispab.lt\/index.php?rest_route=\/wp\/v2\/users\/1"}],"replies":[{"embeddable":true,"href":"https:\/\/www.lsispab.lt\/index.php?rest_route=%2Fwp%2Fv2%2Fcomments&post=6"}],"version-history":[{"count":17,"href":"https:\/\/www.lsispab.lt\/index.php?rest_route=\/wp\/v2\/pages\/6\/revisions"}],"predecessor-version":[{"id":423,"href":"https:\/\/www.lsispab.lt\/index.php?rest_route=\/wp\/v2\/pages\/6\/revisions\/423"}],"wp:attachment":[{"href":"https:\/\/www.lsispab.lt\/index.php?rest_route=%2Fwp%2Fv2%2Fmedia&parent=6"}],"curies":[{"name":"wp","href":"https:\/\/api.w.org\/{rel}","templated":true}]}}